alculate y(-9).
4
Let h(y) = 17*y + 343. Calculate h(-20).
3
Let t(c) = -31741*c - 190453. What is t(-6)?
-7
Let u(s) = 169*s - 5295. Give u(32).
113
Let v(c) = -c**3 - 101*c**2 + 760*c - 8. Determine v(7).
20
Let y(i) = i**3 - 19*i**2 + 35*i + 208. Give y(16).
0
Let y(l) = -l**3 + 5*l**2 - 3*l - 5. What is y(4)?
-1
Let o(k) = -3*k**3 + 17*k**2 - 18*k + 84. Give o(6).
-60
Let m(y) = y**3 + 28*y**2 - 829*y + 25. Determine m(18).
7
Let w(j) = 3*j**3 + j**2 - 3*j - 442. Calculate w(0).
-442
Let s(r) = -115*r + 684. Calculate s(-3).
1029
Let o(r) = 2*r**3 - 3*r**2 - 26*r + 50. Determine o(5).
95
Let n(b) = b**2 - 3*b + 30. Determine n(12).
138
Let k(a) = -5*a**3 + 38*a**2 + 23*a + 25. Give k(8).
81
Let b(y) = y**2 - 74*y - 154. Determine b(76).
-2
Let o(t) = -t**3 + 39*t**2 + 174*t + 94. Calculate o(43).
180
Let p(h) = 2*h**3 + 19*h**2 + 23*h - 2. Determine p(-8).
6
Let k(u) = 3*u**2 + 52*u - 247. What is k(5)?
88
Let c(x) = -x**3 + 2*x**2 + 25*x - 47. Determine c(4).
21
Let f(n) = 195*n - 996. Give f(4).
-216
Let q(f) = 3*f**2 - 34*f - 191. Give q(-4).
-7
Let b(h) = -2*h**3 - 15*h**2 + 5*h - 32. Calculate b(-8).
-8
Let d(j) = 9*j - 67. What is d(6)?
-13
Let k(z) = -z**3 - 24*z**2 + 8*z - 79. Calculate k(-24).
-271
Let t(g) = g**3 - g - 91. Give t(0).
-91
Let v(y) = 4*y**2 + 20*y - 62. What is v(-7)?
-6
Let t(f) = 789*f**2 + 4737*f + 4. Determine t(-6).
-14
Let n(z) = -z**3 + z**2 + 353*z - 1370. Determine n(4).
-6
Let h(a) = 1067*a + 29873. Give h(-28).
-3
Let k(n) = -3*n**2 - 39*n + 29. Determine k(-14).
-13
Let j(l) = 14*l**2 + 170*l + 169. What is j(-1)?
13
Let k(w) = -2*w**2 + 49*w - 29. Calculate k(24).
-5
Let r(j) = j**3 + 26*j**2 - 264*j - 87. Determine r(8).
-23
Let w(n) = 2488*n - 7. What is w(0)?
-7
Let g(x) = -351*x - 174437. What is g(-497)?
10
Let g(v) = 37*v**2 + 191*v + 59. What is g(-5)?
29
Let c(o) = 48*o - 258. What is c(7)?
78
Let m(w) = 124*w**2 + 11903*w - 81. Determine m(-96).
15
Let h(b) = -53*b - 2395. Determine h(-43).
-116
Let f(t) = -t**2 - 579*t - 1734. Determine f(-3).
-6
Let n(x) = x**3 + 96*x**2 - x - 81. Give n(-96).
15
Let y(q) = q**2 - 123*q + 3756. Calculate y(67).
4
Let x(w) = -2*w**3 + 7*w**2 + 1076*w - 5281. Determine x(5).
24
Let k(l) = -l**3 - 30*l**2 + 209*l + 5527. Give k(-31).
9
Let l(h) = 2703*h + 18926. Give l(-7).
5
Let t(v) = v**3 + 9*v**2 - 31*v - 328. Give t(-9).
-49
Let t(i) = -1238*i + 269. What is t(1)?
-969
Let o(b) = b**3 + 48*b**2 + 134*b - 51. Calculate o(-45).
-6
Let v(f) = f**2 - 12*f - 37591. What is v(200)?
9
Let s(k) = 31*k - 1108. Calculate s(39).
101
Let w(f) = -f**3 + 3*f**2 + 131*f - 12. What is w(13)?
1
Let t(x) = 14*x + 400. What is t(-26)?
36
Let r(j) = -j**3 + 14*j**2 - 64*j - 8. Determine r(5).
-103
Let o(d) = 3*d**2 - 28*d - 115. Determine o(-13).
756
Let a(z) = -2*z**3 - 5*z - 101. What is a(-7)?
620
Let i(s) = 179*s + 1594. Give i(-10).
-196
Let i(y) = -y**3 + 36*y**2 + 73*y - 190. Give i(38).
-304
Let q(p) = -2*p**3 - 5*p**2 + 14*p - 20. What is q(5)?
-325
Let g(y) = y**3 + 60*y**2 - 256*y - 4. Determine g(-64).
-4
Let q(c) = -419*c**2 - 5857*c + 120. What is q(-14)?
-6
Let z(s) = s**3 + 12*s**2 - 81*s - 6. Give z(5).
14
Let p(s) = 2*s**2 + 10*s - 11. Calculate p(8).
197
Let f(y) = -y**3 - 11*y**2 + 160*y + 500. Determine f(10).
0
Let t(i) = -1048*i**2 + i - 23. Determine t(0).
-23
Let n(v) = -v**2 - 184*v - 2377. What is n(-14)?
3
Let c(z) = -2*z**2 - 141*z - 88. Determine c(0).
-88
Let r(i) = 2*i**2 - 87*i + 454. Determine r(6).
4
Let y(d) = -24*d - 213. What is y(-9)?
3
Let h(y) = 2*y**3 + 42*y**2 + 15*y + 320. Calculate h(-21).
5
Let h(y) = y - 228. Give h(17).
-211
Let v(z) = z**3 - 51*z**2 + 311*z - 43. Calculate v(44).
89
Let p(h) = 11*h - 217. Determine p(18).
-19
Let a(t) = 133*t - 688. Determine a(5).
-23
Let h(p) = p**3 + 63*p**2 + 667*p - 5291. Determine h(-46).
-1
Let f(j) = -2*j**3 - 17*j**2 + 24*j - 55. Give f(-10).
5
Let f(n) = -1155*n - 63530. Determine f(-55).
-5
Let w(a) = a**3 + 21*a**2 - 79*a - 169. Determine w(-24).
-1
Let x(a) = 1572*a - 4718. Give x(3).
-2
Let u(q) = 4*q**3 + 9*q**2 - 18*q - 27. Determine u(-3).
0
Let u(t) = t**3 - 23*t**2 + 125*t + 29. What is u(14)?
15
Let r(a) = -35*a**2 - 417*a - 8. Determine r(-12).
-44
Let h(q) = -3*q**2 + 67*q + 62. Give h(28).
-414
Let t(i) = -i**3 - 11*i**2 - 4*i + 21. What is t(-10)?
-39
Let a(c) = 166*c - 1153. Calculate a(7).
9
Let c(l) = 1635*l + 4910. Calculate c(-3).
5
Let s(b) = -81*b + 2985. Determine s(37).
-12
Let u(g) = 14*g**2 + 885*g - 1620. What is u(-65)?
5
Let k(j) = -j**2 - 60*j - 451. What is k(-51)?
8
Let c(u) = -2*u**2 + 184*u + 768. Give c(-4).
0
Let y(v) = -v**2 + 3605*v - 32374. Give y(9).
-10
Let n(j) = 12*j + 17. Calculate n(-8).
-79
Let w(t) = -32*t - 43. Determine w(5).
-203
Let n(h) = h**2 - 21*h - 54. What is n(-13)?
388
Let u(s) = 21*s + 76. Determine u(-9).
-113
Let g(o) = 37*o + 795. Give g(-22).
-19
Let t(w) = -5*w**3 - 105*w**2 + 22*w + 312. Give t(-21).
-150
Let l(x) = -10*x**2 - 36*x + 121. What is l(3)?
-77
Let c(x) = -22*x - 118. Give c(2).
-162
Let z(q) = -q**3 + 100*q**2 - 192*q - 385. Give z(98).
7
Let f(b) = -4*b**2 + 103*b + 513. Calculate f(30).
3
Let f(s) = -s**3 + 34*s**2 - 90*s + 748. What is f(32)?
-84
Let i(w) = 188*w + 1147. Determine i(-6).
19
Let u(r) = -7*r**2 - 43*r - 73. Determine u(-2).
-15
Let d(v) = v**2 + 17*v - 751. Calculate d(-37).
-11
Let r(j) = -j**2 + 48*j - 510. Give r(32).
2
Let q(i) = -11*i**2 - 3*i + 30. Determine q(0).
30
Let i(p) = -p**2 + 70*p + 365. Determine i(72).
221
Let i(w) = w**3 - 20*w**2 + 70*w - 101. Determine i(16).
-5
Let j(m) = -m**2 - 143*m - 2604. Give j(-22).
58
Let t(m) = -m**3 - 6*m**2 + 25*m - 1. What is t(-6)?
-151
Let h(b) = 297*b + 1244. Determine h(-5).
-241
Let j(t) = 59*t - 186. Determine j(3).
-9
Let u(z) = 615*z**2 - 22*z - 2. Give u(-1).
635
Let s(f) = -2*f**3 + 7*f**2 - 8*f + 5. What is s(-4)?
277
Let x(l) = -9998*l - 139993. Determine x(-14).
-21
Let l(w) = w**3 + 198*w**2 + 974*w + 1626. Determine l(-193).
-111
Let w(c) = c**3 - 30*c**2 - 82*c + 521. Calculate w(32).
-55
Let v(s) = -s**3 - 12*s**2 - 30*s - 22. What is v(-10)?
78
Let g(w) = 75*w + 75. Give g(-6).
-375
Let v(n) = 119*n + 2788. Calculate v(-24).
-68
Let o(d) = 2*d**3 - 56*d**2 + 21*d - 616. Calculate o(28).
-28
Let k(h) = -7*h**2 - 43*h + 782. Calculate k(8).
-10
Let j(w) = -15*w**2 + 51. Calculate j(5).
-324
Let y(s) = 18*s**3 + 8*s**2 + 23*s + 14. Determine y(-1).
-19
Let b(y) = 64*y + 1060. What is b(-16)?
36
Let w(o) = 4348*o - 78264. Calculate w(18).
0
Let j(b) = b**3 - 5*b**2 - 7*b - 53. What is j(8)?
83
Let t(n) = -224*n - 669. Determine t(-3).
3
Let l(d) = -d**3 + 4*d**2 - 5*d - 3. Determine l(3).
-9
Let s(n) = -n**3 - 13*n**2 - 60*n - 1331. Determine s(-15).
19
Let d(u) = -29*u**2 + 11*u - 65. What is d(4)?
-485
Let h(a) = -a**3 - 45*a**2 + 3660*a - 259. Determine h(42).
-7
Let k(s) = -2*s**2 + 227*s - 310. Give k(112).
26
Let t(o) = -o**3 + 15*o**2 - 58*o + 14. Give t(6).
-10
Let x(i) = -7*i**2 - 229*i - 121. What is x(-32)?
39
Let v(k) = 80*k**2 - 29*k - 55. Determine v(-2).
323
Let i(p) = -10*p**2 + 95*p - 86. Determine i(1).
-1
Let z(u) = 4*u - 17. Determine z(-9).
-53
Let o(p) = -p**3 - 9*p**2 - 19*p - 6. What is o(-5)?
-11
Let n(m) = -m**2 + 39*m + 8. Give n(15).
368
Let t(d) = -2286*d + 4671. Give t(2).
99
Let c(z) = z**2 - 53*z + 245. Determine c(46).
-77
Let w(z) = -195*z**2 - 199*z + 2. Calculate w(-1).
6
Let f(j) = j**2 - 23*j + 56. Calculate f(14).
-70
Let t(d) = d**3 + 4*d + 7. Determine t(-2).
-9
Let n(j) = 19*j + 1463. What is n(-76)?
19
Let c(b) = 21*b**2 - 144*b - 5. Calculate c(7).
16
Let p(a) = -10*a**2 - 18*a + 423. Give p(7).
-193
Let v(q) = q**3 + 23*q**2 + q + 4. What is v(-23)?
-19
Let x(d) = d**3 + 19*d**2 - 30*d - 25. What is x(-21)?
-277
Let n(k) = -2857*k - 28577. What is n(-10)?
-7
Let f(x) = -36*x + 3461. Give f(96).
5
Let g(a) = -a**3 + 16*a**2 - 36*a - 43. Give g(13).
-4
Let l(b) = 1464*b - 300114. Calculate l(205).
6
Let o(q) = q**2 - 19*q - 1. Give o(9).
-91
Let s(r) = -13*r + 246. Determine s(26).
-92
Let b(w) = -28*w**2 - 6*w - 1. Give b(-2).
-101
Let v(k) = 9*k**2 - 5*k + 4. Calculate v(2).
30
Let d(o) = -19*o**2 - 107*o + 52. Calculate d(-6).
10
Let k(l) = -l**3 + 74*l**2 + 5*l - 198. Give k(